 f = -38 + z. What is the remainder when 35 is divided by f?
2
Let d be (3/(18/183))/((-2)/(-4)). Let f = d - 92. What is the remainder when 95 is divided by (-6)/(6/f) - (1 - 2)?
31
Let h(q) = -q**2 - 9*q - 8. Let v be h(-5). Let f(l) = l**3 + 6*l**2 + 4*l + 2. What is the remainder when -38*-2*3/v is divided by f(-5)?
5
Let c(b) = 113*b**2 - 58*b + 464. What is the remainder when c(6) is divided by 12?
8
Let p(q) = -4*q - 31. Let d = -150 + 141. Let h be p(d). Suppose -h*g = s - 92 - 13, 4*g + 3*s - 84 = 0. Calculate the remainder when g is divided by 6.
3
What is the remainder when 497 is divided by ((-23)/92)/(6/(-3096))?
110
Let y be 28 - 6 - (5 - 1). Suppose -58 = 5*m - c + 5*c, -c = -2*m - y. Let v = 43 + m. What is the remainder when 328 is divided by v?
31
Suppose 3*z - 26 = 2*k, 19 = -4*k + 3. Suppose -60*b - z = -61*b. Suppose 1 = 4*g - 63. What is the remainder when g is divided by b?
4
Let h(f) = 9*f**2 + 161*f - 127. Calculate the remainder when 517 is divided by h(-20).
11
Let u be ((-14)/6 - 1)*3942/(-45). Suppose -2*c + u = 4*v, 87 + 333 = 3*c - 3*v. Calculate the remainder when c is divided by 48.
46
What is the remainder when 187 is divided by (660/(-462))/((-5)/462) + 3*1?
52
Let u(c) = -c**3 - 6*c**2 - 8*c - 3. Calculate the remainder when u(-5) is divided by 4 + -2 + (17 + -2 - 9).
4
Suppose -24 = -2*t + z + 3*z, 4*z = 3*t - 32. Suppose 5*n - 2*a - 69 = 149, 2*n + 4*a = 92. Let p = -15 + n. Calculate the remainder when p is divided by t.
5
Let j = -86 + 116. What is the remainder when 2 + (-3 - -104 - 2) is divided by j + (25 + -1)/6?
33
Let s(u) = -5*u**2 + 2. Let p = 51 + -50. Let h be s(p). Calculate the remainder when h - -4 - (-111)/3 is divided by 21.
17
Let t(n) = 6 + 23*n - 10 + 10*n**2 - 10*n + n**3 - 3. What is the remainder when t(-8) is divided by 4?
1
Let t(k) = -k**2 - 11*k - 15. Let m be t(-9). Let q be m/(9/12) + 7. Suppose 8*g = q*g - 33. Calculate the remainder when 52 is divided by g.
8
Let d(k) = 3*k**3 - 43*k**2 + 50*k + 4. Let p(f) = -f**3 + 22*f**2 - 25*f - 3. Let v(q) = -2*d(q) - 5*p(q). What is the remainder when 21 is divided by v(-25)?
0
Let h = -28 + 49. Calculate the remainder when h is divided by (-5880)/195 + 30 + (-2 - (-171)/13).
10
Suppose -392247 = -310*c + 344933. What is the remainder when c is divided by 475?
3
Let v = 594 + -391. Let u = v + -171. Calculate the remainder when 351 is divided by u.
31
Let c(x) = -4*x**2 + 6*x - 7. Let v be c(1). Calculate the remainder when 477 is divided by (-5)/v*(18 - 3).
12
Suppose 7*m - 231 = 14*m. Let u = m - -35. What is the remainder when ((-186)/3)/(u/(-2)) is divided by 23?
16
Suppose 3*t - 115 + 19 = 0. Let s = t - 15. What is the remainder when 29 is divided by s?
12
Suppose 2*j = 4*j - 30. Suppose 23*w + 196*i = 195*i + 404, -137 = -5*w - 4*i. Calculate the remainder when w is divided by j.
2
What is the remainder when 1473 + (-11 + 371/35)*20/(-4) is divided by 42?
5
Let y = -331 - -445. What is the remainder when y is divided by 29?
27
Suppose -15*n + 89*n = 592. Suppose a - 4*q - 6 = 0, 3*a + 5*q = 15 + 88. Suppose 5*c - 126 = -a. Calculate the remainder when c is divided by n.
4
Let p be 3/3 + (-2)/(-2). Suppose -i = 3*j - 16, -16*j + 15*j - 20 = -6*i. Suppose 0 = -j*c + p*c + 4. Calculate the remainder when 7 is divided by c.
1
Suppose t = -2*m + 74, 3*m - 86*t = -83*t + 138. Calculate the remainder when 169 is divided by m.
9
Suppose k + 0 = -6. Suppose 32295 - 3728 = 884*q - 605. What is the remainder when (k/4)/((-9)/1164) is divided by q?
29
Suppose f - 49 = 2*y, 4*y + 17069 = 3*f + 16938. Let n(z) = 445*z - 2. Calculate the remainder when n(2) is divided by f.
30
Suppose 2*u - 8 = u - 4*w, -4*u = 4*w - 8. Suppose 9*c - 160 - 128 = u. Calculate the remainder when c is divided by 6.
2
Let c(x) = x**3 + x**2 + 2*x + 49. Let d be 0/(27/(-33) + 4/(-22)). Let w be (12/(-8) + 1)*d. What is the remainder when c(w) is divided by 18?
13
Let g(x) = -9*x + 32. Let d be g(3). Suppose 154 = 5*k + 2*v, -42 = d*k + 3*v - 198. What is the remainder when 89 is divided by k?
29
Suppose -60 = -9*t - 6*t. Suppose -5*u + x + x = -165, -x - 135 = -t*u. What is the remainder when 383 is divided by u?
33
Let p be 13 + (-9)/((-63)/28). What is the remainder when 37 is divided by (p - 1) + -1 + -3?
1
Let m = -99 - -99. Suppose -t + 3*z + 45 = m, 3*t - 4*z - 148 + 28 = 0. Calculate the remainder when 67 is divided by t.
31
Suppose k + 3*h + 2*h - 27 = 0, -k - 3*h = -19. Let n(g) = 38*g - 14. Let z be n(k). Suppose 8*m - z = m. Calculate the remainder when m is divided by 22.
14
Let g = 13 - -3. Suppose 3*m = -3*q - 18, -q + 0 = -m + g. Calculate the remainder when (q/4)/(1/(-20)) is divided by 15.
10
Suppose 12*q + 9*q - 126 = 0. Suppose 12 = 6*x - q. Calculate the remainder when 14 is divided by x.
2
Let q(o) = -121*o - 242. Let r be q(13). What is the remainder when 2 + r/(-27) + (-26)/117 is divided by 36?
33
Let k = 202 + -262. What is the remainder when (72/k - 10)*30/(-4) is divided by 53?
31
Suppose 28 = 5*o + 18. Let m(f) = 10*f**2 + 9*f - 23. What is the remainder when 206 is divided by m(o)?
31
Let u = 65 - 28. Suppose 6*q - 7*q - u = 0. Let k = q - -118. Calculate the remainder when k is divided by 7.
4
Let c = -53 - -59. Let i(w) = -4*w - c*w + 17 + 10*w - 3*w. Calculate the remainder when i(-8) is divided by 28.
13
Suppose 52*b - 1715 + 6380 = 363*b. Calculate the remainder when 368 is divided by b.
8
Suppose 41*n = -m + 44*n + 49, -5*n = -3*m + 167. Calculate the remainder when 3962 is divided by m.
58
Suppose -3*o - 4*h + 979 = 0, h - 47 = o - 364. Let x = -61 + 88. What is the remainder when o is divided by x?
24
Suppose 0 = -2*t + 6, -7690 = -2*y - 3*y - 5*t. Let p = -909 + y. What is the remainder when p is divided by 90?
86
Let a(s) = -36*s + 86. What is the remainder when 3215 is divided by a(2)?
9
Suppose 28*p + 101*p = -24*p + 15147. Calculate the remainder when 1683 is divided by p.
0
Suppose -2*x = 3*j - 450, -3*j - 228 = -x - 6*j. Suppose r = -5*r + x. Suppose 0 = 3*y - 11 - 19. What is the remainder when r is divided by y?
7
Let o be -4 + 15/5*-1. Let j(f) = -9*f - 29. What is the remainder when j(o) is divided by (-1)/6 - (-185)/30?
4
Let r = -576 + 580. Suppose -3*i = -r*x + 3374, -3*x + 4*i + 2578 = 44. What is the remainder when x is divided by 13?
10
Suppose 2*v + 13 = 3*v. Let s = 2394 + -2399. Let j = v + s. Calculate the remainder when 12 is divided by j.
4
Let y(b) = 246*b**2 + 4*b + 7. Calculate the remainder when y(-2) is divided by 41.
40
Let w(a) = 22 - 10 + 3 - 6 + 10*a. Let p be w(5). What is the remainder when (p - -3)*(6/4)/3 is divided by 12?
7
Let j = 102066 + -102033. Let b(v) = -25*v - 3. Let x be b(5). Let n = x + 191. Calculate the remainder when n is divided by j.
30
Let x = 1681 + -1590. Let t = 16 - -4. Calculate the remainder when x is divided by t.
11
Let t be ((-1)/(-4))/(15/30)*-2. Let l(k) = -61*k - 49. What is the remainder when 58 is divided by l(t)?
10
Let l(u) = -u**3 + 12*u**2 - 8*u - 178. Calculate the remainder when 131 is divided by l(7).
10
Suppose -h = h - 92. Let n(x) be the first derivative of x**4/2 + 2*x**3/3 + 181*x + 283. Calculate the remainder when n(0) is divided by h.
43
Let v = 43 + -19. What is the remainder when 255 is divided by v?
15
Let u(o) = -o**3 - 15*o**2 - 25*o + 16. Let l be u(-13). Suppose z + 1 - l = m, 16 = 4*m. What is the remainder when 43 is divided by z?
1
Let f = 2893 - 5298. Calculate the remainder when f/(-35) - 6/(-21) is divided by 2 + -40*16/(-80).
9
Let x(y) = y**3 - 4*y**2 + y + 11. Let d = -60 + 65. Let o(t) = -t**2 + 1. Let w(b) = d*o(b) - x(b). Calculate the remainder when 72 is divided by w(-3).
12
Let r(u) be the second derivative of u**4/2 + 13*u**3/6 + 3*u**2 - 2*u - 9. Calculate the remainder when r(-4) is divided by 9.
5
Let r = -282 + 295. What is the remainder when 66 is divided by 34 - r/(78/36)?
10
What is the remainder when 58 is divided by 38/1159 - 1706/(-61)?
2
Let k(w) be the third derivative of w**6/120 + 7*w**5/30 + w**4/12 + 16*w**3 - 110*w**2. Calculate the remainder when 265 is divided by k(-14).
61
Let g = 539 - 483. Calculate the remainder when 1677 is divided by g.
53
Let y = -4264 + 5146. Calculate the remainder when y is d